{"id":11454,"date":"2023-08-13T09:29:12","date_gmt":"2023-08-13T09:29:12","guid":{"rendered":"https:\/\/para-sanita.fidsexcellence.tn\/?product=saforelle-soin-lavant-doux-format-voyage-100-ml"},"modified":"2023-08-13T09:40:13","modified_gmt":"2023-08-13T09:40:13","slug":"saforelle-soin-lavant-doux-format-voyage-100-ml","status":"publish","type":"product","link":"https:\/\/para-sanita.fidsexcellence.tn\/?product=saforelle-soin-lavant-doux-format-voyage-100-ml","title":{"rendered":"SAFORELLE Soin Lavant doux format voyage, 100 ml"},"content":{"rendered":"<p>Le soin lavant doux de SAFORELLE a \u00e9t\u00e9 con\u00e7u essentiellement pour l\u2019hygi\u00e8ne des r\u00e9gions intimes. Ce produit est parfaitement adapt\u00e9 aux personnes qui ont une peau sensible, voire irrit\u00e9e. Lors des toilettes intimes, il nettoie en douceur tout en apaisant les sensations d\u2019inconfort comme les d\u00e9mangeaisons.<br \/>\nContenance: 100ml<\/p>\n","protected":false},"excerpt":{"rendered":"<p>Le soin lavant doux de SAFORELLE a \u00e9t\u00e9 con\u00e7u essentiellement pour l\u2019hygi\u00e8ne des r\u00e9gions intimes. Ce produit est parfaitement adapt\u00e9 aux personnes qui ont une peau sensible, voire irrit\u00e9e. Lors des toilettes intimes, il nettoie en douceur tout en apaisant les sensations d\u2019inconfort comme les d\u00e9mangeaisons.<br \/>\nContenance: 100ml<\/p>\n","protected":false},"featured_media":11456,"comment_status":"closed","ping_status":"closed","template":"","meta":[],"pwb-brand":[260],"product_cat":[224,232],"product_tag":[],"class_list":{"0":"post-11454","1":"product","2":"type-product","3":"status-publish","4":"has-post-thumbnail","6":"pwb-brand-saforelle","7":"product_cat-bebe-et-maman","8":"product_cat-maman-et-future-maman","10":"first","11":"instock","12":"purchasable","13":"product-type-simple"},"acf":[],"yoast_head":"<!-- This site is optimized with the Yoast SEO plugin v20.13 - https:\/\/yoast.com\/wordpress\/plugins\/seo\/ -->\n<title>SAFORELLE Soin Lavant doux format voyage, 100 ml - Para-Dis<\/title>\n<meta name=\"description\" content=\"Le soin lavant doux de SAFORELLE a \u00e9t\u00e9 con\u00e7u essentiellement pour l\u2019hygi\u00e8ne des r\u00e9gions intimes. Ce produit est parfaitement adapt\u00e9 aux personnes qui ont une peau sensible, voire irrit\u00e9e. Lors des toilettes intimes, il nettoie en douceur tout en apaisant les sensations d\u2019inconfort comme les d\u00e9mangeaisons.Contenance: 100ml\" \/>\n<meta name=\"robots\" content=\"index, follow, max-snippet:-1, max-image-preview:large, max-video-preview:-1\" \/>\n<link rel=\"canonical\" href=\"https:\/\/para-sanita.fidsexcellence.tn\/?product=saforelle-soin-lavant-doux-format-voyage-100-ml\" \/>\n<meta property=\"og:locale\" content=\"fr_FR\" \/>\n<meta property=\"og:type\" content=\"article\" \/>\n<meta property=\"og:title\" content=\"SAFORELLE Soin Lavant doux format voyage, 100 ml - Para-Dis\" \/>\n<meta property=\"og:description\" content=\"Le soin lavant doux de SAFORELLE a \u00e9t\u00e9 con\u00e7u essentiellement pour l\u2019hygi\u00e8ne des r\u00e9gions intimes. Ce produit est parfaitement adapt\u00e9 aux personnes qui ont une peau sensible, voire irrit\u00e9e. Lors des toilettes intimes, il nettoie en douceur tout en apaisant les sensations d\u2019inconfort comme les d\u00e9mangeaisons.Contenance: 100ml\" \/>\n<meta property=\"og:url\" content=\"https:\/\/para-sanita.fidsexcellence.tn\/?product=saforelle-soin-lavant-doux-format-voyage-100-ml\" \/>\n<meta property=\"og:site_name\" content=\"Para-Dis\" \/>\n<meta property=\"article:modified_time\" content=\"2023-08-13T09:40:13+00:00\" \/>\n<meta property=\"og:image\" content=\"https:\/\/para-sanita.fidsexcellence.tn\/wp-content\/uploads\/2023\/08\/SA.jpg\" \/>\n\t<meta property=\"og:image:width\" content=\"500\" \/>\n\t<meta property=\"og:image:height\" content=\"500\" \/>\n\t<meta property=\"og:image:type\" content=\"image\/jpeg\" \/>\n<meta name=\"twitter:card\" content=\"summary_large_image\" \/>\n<meta name=\"twitter:label1\" content=\"Dur\u00e9e de lecture estim\u00e9e\" \/>\n\t<meta name=\"twitter:data1\" content=\"1 minute\" \/>\n<script type=\"application\/ld+json\" class=\"yoast-schema-graph\">{\"@context\":\"https:\/\/schema.org\",\"@graph\":[{\"@type\":\"WebPage\",\"@id\":\"https:\/\/para-sanita.fidsexcellence.tn\/?product=saforelle-soin-lavant-doux-format-voyage-100-ml\",\"url\":\"https:\/\/para-sanita.fidsexcellence.tn\/?product=saforelle-soin-lavant-doux-format-voyage-100-ml\",\"name\":\"SAFORELLE Soin Lavant doux format voyage, 100 ml - Para-Dis\",\"isPartOf\":{\"@id\":\"https:\/\/para-sanita.fidsexcellence.tn\/#website\"},\"datePublished\":\"2023-08-13T09:29:12+00:00\",\"dateModified\":\"2023-08-13T09:40:13+00:00\",\"description\":\"Le soin lavant doux de SAFORELLE a \u00e9t\u00e9 con\u00e7u essentiellement pour l\u2019hygi\u00e8ne des r\u00e9gions intimes. Ce produit est parfaitement adapt\u00e9 aux personnes qui ont une peau sensible, voire irrit\u00e9e. Lors des toilettes intimes, il nettoie en douceur tout en apaisant les sensations d\u2019inconfort comme les d\u00e9mangeaisons.Contenance: 100ml\",\"breadcrumb\":{\"@id\":\"https:\/\/para-sanita.fidsexcellence.tn\/?product=saforelle-soin-lavant-doux-format-voyage-100-ml#breadcrumb\"},\"inLanguage\":\"fr-FR\",\"potentialAction\":[{\"@type\":\"ReadAction\",\"target\":[\"https:\/\/para-sanita.fidsexcellence.tn\/?product=saforelle-soin-lavant-doux-format-voyage-100-ml\"]}]},{\"@type\":\"BreadcrumbList\",\"@id\":\"https:\/\/para-sanita.fidsexcellence.tn\/?product=saforelle-soin-lavant-doux-format-voyage-100-ml#breadcrumb\",\"itemListElement\":[{\"@type\":\"ListItem\",\"position\":1,\"name\":\"Accueil\",\"item\":\"https:\/\/para-sanita.fidsexcellence.tn\/\"},{\"@type\":\"ListItem\",\"position\":2,\"name\":\"Shop\",\"item\":\"https:\/\/para-sanita.fidsexcellence.tn\/?page_id=3853\"},{\"@type\":\"ListItem\",\"position\":3,\"name\":\"SAFORELLE Soin Lavant doux format voyage, 100 ml\"}]},{\"@type\":\"WebSite\",\"@id\":\"https:\/\/para-sanita.fidsexcellence.tn\/#website\",\"url\":\"https:\/\/para-sanita.fidsexcellence.tn\/\",\"name\":\"Para-Dis\",\"description\":\"\",\"publisher\":{\"@id\":\"https:\/\/para-sanita.fidsexcellence.tn\/#organization\"},\"potentialAction\":[{\"@type\":\"SearchAction\",\"target\":{\"@type\":\"EntryPoint\",\"urlTemplate\":\"https:\/\/para-sanita.fidsexcellence.tn\/?s={search_term_string}\"},\"query-input\":\"required name=search_term_string\"}],\"inLanguage\":\"fr-FR\"},{\"@type\":\"Organization\",\"@id\":\"https:\/\/para-sanita.fidsexcellence.tn\/#organization\",\"name\":\"Para-Dis\",\"url\":\"https:\/\/para-sanita.fidsexcellence.tn\/\",\"logo\":{\"@type\":\"ImageObject\",\"inLanguage\":\"fr-FR\",\"@id\":\"https:\/\/para-sanita.fidsexcellence.tn\/#\/schema\/logo\/image\/\",\"url\":\"https:\/\/para-sanita.fidsexcellence.tn\/wp-content\/uploads\/2025\/03\/cropped-logo-1.png\",\"contentUrl\":\"https:\/\/para-sanita.fidsexcellence.tn\/wp-content\/uploads\/2025\/03\/cropped-logo-1.png\",\"width\":502,\"height\":167,\"caption\":\"Para-Dis\"},\"image\":{\"@id\":\"https:\/\/para-sanita.fidsexcellence.tn\/#\/schema\/logo\/image\/\"}}]}<\/script>\n<!-- \/ Yoast SEO plugin. -->","yoast_head_json":{"title":"SAFORELLE Soin Lavant doux format voyage, 100 ml - Para-Dis","description":"Le soin lavant doux de SAFORELLE a \u00e9t\u00e9 con\u00e7u essentiellement pour l\u2019hygi\u00e8ne des r\u00e9gions intimes. Ce produit est parfaitement adapt\u00e9 aux personnes qui ont une peau sensible, voire irrit\u00e9e. Lors des toilettes intimes, il nettoie en douceur tout en apaisant les sensations d\u2019inconfort comme les d\u00e9mangeaisons.Contenance: 100ml","robots":{"index":"index","follow":"follow","max-snippet":"max-snippet:-1","max-image-preview":"max-image-preview:large","max-video-preview":"max-video-preview:-1"},"canonical":"https:\/\/para-sanita.fidsexcellence.tn\/?product=saforelle-soin-lavant-doux-format-voyage-100-ml","og_locale":"fr_FR","og_type":"article","og_title":"SAFORELLE Soin Lavant doux format voyage, 100 ml - Para-Dis","og_description":"Le soin lavant doux de SAFORELLE a \u00e9t\u00e9 con\u00e7u essentiellement pour l\u2019hygi\u00e8ne des r\u00e9gions intimes. Ce produit est parfaitement adapt\u00e9 aux personnes qui ont une peau sensible, voire irrit\u00e9e. Lors des toilettes intimes, il nettoie en douceur tout en apaisant les sensations d\u2019inconfort comme les d\u00e9mangeaisons.Contenance: 100ml","og_url":"https:\/\/para-sanita.fidsexcellence.tn\/?product=saforelle-soin-lavant-doux-format-voyage-100-ml","og_site_name":"Para-Dis","article_modified_time":"2023-08-13T09:40:13+00:00","og_image":[{"width":500,"height":500,"url":"https:\/\/para-sanita.fidsexcellence.tn\/wp-content\/uploads\/2023\/08\/SA.jpg","type":"image\/jpeg"}],"twitter_card":"summary_large_image","twitter_misc":{"Dur\u00e9e de lecture estim\u00e9e":"1 minute"},"schema":{"@context":"https:\/\/schema.org","@graph":[{"@type":"WebPage","@id":"https:\/\/para-sanita.fidsexcellence.tn\/?product=saforelle-soin-lavant-doux-format-voyage-100-ml","url":"https:\/\/para-sanita.fidsexcellence.tn\/?product=saforelle-soin-lavant-doux-format-voyage-100-ml","name":"SAFORELLE Soin Lavant doux format voyage, 100 ml - Para-Dis","isPartOf":{"@id":"https:\/\/para-sanita.fidsexcellence.tn\/#website"},"datePublished":"2023-08-13T09:29:12+00:00","dateModified":"2023-08-13T09:40:13+00:00","description":"Le soin lavant doux de SAFORELLE a \u00e9t\u00e9 con\u00e7u essentiellement pour l\u2019hygi\u00e8ne des r\u00e9gions intimes. Ce produit est parfaitement adapt\u00e9 aux personnes qui ont une peau sensible, voire irrit\u00e9e. Lors des toilettes intimes, il nettoie en douceur tout en apaisant les sensations d\u2019inconfort comme les d\u00e9mangeaisons.Contenance: 100ml","breadcrumb":{"@id":"https:\/\/para-sanita.fidsexcellence.tn\/?product=saforelle-soin-lavant-doux-format-voyage-100-ml#breadcrumb"},"inLanguage":"fr-FR","potentialAction":[{"@type":"ReadAction","target":["https:\/\/para-sanita.fidsexcellence.tn\/?product=saforelle-soin-lavant-doux-format-voyage-100-ml"]}]},{"@type":"BreadcrumbList","@id":"https:\/\/para-sanita.fidsexcellence.tn\/?product=saforelle-soin-lavant-doux-format-voyage-100-ml#breadcrumb","itemListElement":[{"@type":"ListItem","position":1,"name":"Accueil","item":"https:\/\/para-sanita.fidsexcellence.tn\/"},{"@type":"ListItem","position":2,"name":"Shop","item":"https:\/\/para-sanita.fidsexcellence.tn\/?page_id=3853"},{"@type":"ListItem","position":3,"name":"SAFORELLE Soin Lavant doux format voyage, 100 ml"}]},{"@type":"WebSite","@id":"https:\/\/para-sanita.fidsexcellence.tn\/#website","url":"https:\/\/para-sanita.fidsexcellence.tn\/","name":"Para-Dis","description":"","publisher":{"@id":"https:\/\/para-sanita.fidsexcellence.tn\/#organization"},"potentialAction":[{"@type":"SearchAction","target":{"@type":"EntryPoint","urlTemplate":"https:\/\/para-sanita.fidsexcellence.tn\/?s={search_term_string}"},"query-input":"required name=search_term_string"}],"inLanguage":"fr-FR"},{"@type":"Organization","@id":"https:\/\/para-sanita.fidsexcellence.tn\/#organization","name":"Para-Dis","url":"https:\/\/para-sanita.fidsexcellence.tn\/","logo":{"@type":"ImageObject","inLanguage":"fr-FR","@id":"https:\/\/para-sanita.fidsexcellence.tn\/#\/schema\/logo\/image\/","url":"https:\/\/para-sanita.fidsexcellence.tn\/wp-content\/uploads\/2025\/03\/cropped-logo-1.png","contentUrl":"https:\/\/para-sanita.fidsexcellence.tn\/wp-content\/uploads\/2025\/03\/cropped-logo-1.png","width":502,"height":167,"caption":"Para-Dis"},"image":{"@id":"https:\/\/para-sanita.fidsexcellence.tn\/#\/schema\/logo\/image\/"}}]}},"brands":[{"id":260,"name":"Saforelle","slug":"saforelle"}],"_links":{"self":[{"href":"https:\/\/para-sanita.fidsexcellence.tn\/index.php?rest_route=\/wp\/v2\/product\/11454","targetHints":{"allow":["GET"]}}],"collection":[{"href":"https:\/\/para-sanita.fidsexcellence.tn\/index.php?rest_route=\/wp\/v2\/product"}],"about":[{"href":"https:\/\/para-sanita.fidsexcellence.tn\/index.php?rest_route=\/wp\/v2\/types\/product"}],"replies":[{"embeddable":true,"href":"https:\/\/para-sanita.fidsexcellence.tn\/index.php?rest_route=%2Fwp%2Fv2%2Fcomments&post=11454"}],"version-history":[{"count":1,"href":"https:\/\/para-sanita.fidsexcellence.tn\/index.php?rest_route=\/wp\/v2\/product\/11454\/revisions"}],"predecessor-version":[{"id":11455,"href":"https:\/\/para-sanita.fidsexcellence.tn\/index.php?rest_route=\/wp\/v2\/product\/11454\/revisions\/11455"}],"wp:featuredmedia":[{"embeddable":true,"href":"https:\/\/para-sanita.fidsexcellence.tn\/index.php?rest_route=\/wp\/v2\/media\/11456"}],"wp:attachment":[{"href":"https:\/\/para-sanita.fidsexcellence.tn\/index.php?rest_route=%2Fwp%2Fv2%2Fmedia&parent=11454"}],"wp:term":[{"taxonomy":"pwb-brand","embeddable":true,"href":"https:\/\/para-sanita.fidsexcellence.tn\/index.php?rest_route=%2Fwp%2Fv2%2Fpwb-brand&post=11454"},{"taxonomy":"product_cat","embeddable":true,"href":"https:\/\/para-sanita.fidsexcellence.tn\/index.php?rest_route=%2Fwp%2Fv2%2Fproduct_cat&post=11454"},{"taxonomy":"product_tag","embeddable":true,"href":"https:\/\/para-sanita.fidsexcellence.tn\/index.php?rest_route=%2Fwp%2Fv2%2Fproduct_tag&post=11454"}],"curies":[{"name":"wp","href":"https:\/\/api.w.org\/{rel}","templated":true}]}}