{"id":11484,"date":"2023-08-13T09:50:56","date_gmt":"2023-08-13T09:50:56","guid":{"rendered":"https:\/\/para-sanita.fidsexcellence.tn\/?product=nuk-liquide-vaisselles-bebe-500ml"},"modified":"2023-08-13T10:01:34","modified_gmt":"2023-08-13T10:01:34","slug":"nuk-liquide-vaisselles-bebe-500ml","status":"publish","type":"product","link":"https:\/\/para-sanita.fidsexcellence.tn\/?product=nuk-liquide-vaisselles-bebe-500ml","title":{"rendered":"NUK LIQUIDE VAISSELLES BEBE 500ML"},"content":{"rendered":"<p>Le nettoyant pour biberons NUK a une consistance fine qui lui permet de se disperser rapidement les prot\u00e9ines restantes sont ouvertes par les enzymes et peuvent \u00eatre facilement rinc\u00e9es compl\u00e8tement. Le liquide nettoyant biberons 500ml est sans parfums et ni colorants.<\/p>\n","protected":false},"excerpt":{"rendered":"<p>Au cours des premiers mois de sa vie, l\u2019alimentation d\u2019un b\u00e9b\u00e9 est avant tout du lait et de la pur\u00e9e. Apr\u00e8s les repas, des r\u00e9sidus restent sur les biberons, les t\u00e9tines, les tasses et les assiettes. Ainsi, les germes, les bact\u00e9ries et les mauvaises odeurs peuvent s\u2019y accumuler. Le nettoyant pour biberons NUK a \u00e9t\u00e9 sp\u00e9cialement con\u00e7u pour nettoyer les produits pour b\u00e9b\u00e9s. La formulation est compos\u00e9e d\u2019ingr\u00e9dients naturels : des enzymes sp\u00e9cifiques \u00e9liminent de mani\u00e8re fiable les traces de prot\u00e9ines de lait, de pur\u00e9e ou de jus. Le nettoyant pour biberons NUK a une consistance fine qui lui permet de se disperser rapidement les prot\u00e9ines restantes sont ouvertes par les enzymes et peuvent \u00eatre facilement rinc\u00e9es compl\u00e8tement. Le liquide nettoyant biberons 500ml est sans parfums et ni colorants. Cela signifie que vous pouvez nettoyer les tasses et les assiettes de b\u00e9b\u00e9, les jouets lavables et les autres objets qui entrent en contact avec la bouche de votre b\u00e9b\u00e9.<\/p>\n","protected":false},"featured_media":11486,"comment_status":"closed","ping_status":"closed","template":"","meta":[],"pwb-brand":[262],"product_cat":[224],"product_tag":[],"class_list":{"0":"post-11484","1":"product","2":"type-product","3":"status-publish","4":"has-post-thumbnail","6":"pwb-brand-nuk","7":"product_cat-bebe-et-maman","9":"first","10":"instock","11":"purchasable","12":"product-type-simple"},"acf":[],"yoast_head":"<!-- This site is optimized with the Yoast SEO plugin v20.13 - https:\/\/yoast.com\/wordpress\/plugins\/seo\/ -->\n<title>NUK LIQUIDE VAISSELLES BEBE 500ML - Para-Dis<\/title>\n<meta name=\"description\" content=\"Le nettoyant pour biberons NUK a une consistance fine qui lui permet de se disperser rapidement les prot\u00e9ines restantes sont ouvertes par les enzymes et peuvent \u00eatre facilement rinc\u00e9es compl\u00e8tement. Le liquide nettoyant biberons 500ml est sans parfums et ni colorants.\" \/>\n<meta name=\"robots\" content=\"index, follow, max-snippet:-1, max-image-preview:large, max-video-preview:-1\" \/>\n<link rel=\"canonical\" href=\"https:\/\/para-sanita.fidsexcellence.tn\/?product=nuk-liquide-vaisselles-bebe-500ml\" \/>\n<meta property=\"og:locale\" content=\"fr_FR\" \/>\n<meta property=\"og:type\" content=\"article\" \/>\n<meta property=\"og:title\" content=\"NUK LIQUIDE VAISSELLES BEBE 500ML - Para-Dis\" \/>\n<meta property=\"og:description\" content=\"Le nettoyant pour biberons NUK a une consistance fine qui lui permet de se disperser rapidement les prot\u00e9ines restantes sont ouvertes par les enzymes et peuvent \u00eatre facilement rinc\u00e9es compl\u00e8tement. Le liquide nettoyant biberons 500ml est sans parfums et ni colorants.\" \/>\n<meta property=\"og:url\" content=\"https:\/\/para-sanita.fidsexcellence.tn\/?product=nuk-liquide-vaisselles-bebe-500ml\" \/>\n<meta property=\"og:site_name\" content=\"Para-Dis\" \/>\n<meta property=\"article:modified_time\" content=\"2023-08-13T10:01:34+00:00\" \/>\n<meta property=\"og:image\" content=\"https:\/\/para-sanita.fidsexcellence.tn\/wp-content\/uploads\/2023\/08\/nuk-liquide-vaisselles-bebe-500ml.jpg\" \/>\n\t<meta property=\"og:image:width\" content=\"500\" \/>\n\t<meta property=\"og:image:height\" content=\"500\" \/>\n\t<meta property=\"og:image:type\" content=\"image\/jpeg\" \/>\n<meta name=\"twitter:card\" content=\"summary_large_image\" \/>\n<meta name=\"twitter:label1\" content=\"Dur\u00e9e de lecture estim\u00e9e\" \/>\n\t<meta name=\"twitter:data1\" content=\"1 minute\" \/>\n<script type=\"application\/ld+json\" class=\"yoast-schema-graph\">{\"@context\":\"https:\/\/schema.org\",\"@graph\":[{\"@type\":\"WebPage\",\"@id\":\"https:\/\/para-sanita.fidsexcellence.tn\/?product=nuk-liquide-vaisselles-bebe-500ml\",\"url\":\"https:\/\/para-sanita.fidsexcellence.tn\/?product=nuk-liquide-vaisselles-bebe-500ml\",\"name\":\"NUK LIQUIDE VAISSELLES BEBE 500ML - Para-Dis\",\"isPartOf\":{\"@id\":\"https:\/\/para-sanita.fidsexcellence.tn\/#website\"},\"datePublished\":\"2023-08-13T09:50:56+00:00\",\"dateModified\":\"2023-08-13T10:01:34+00:00\",\"description\":\"Le nettoyant pour biberons NUK a une consistance fine qui lui permet de se disperser rapidement les prot\u00e9ines restantes sont ouvertes par les enzymes et peuvent \u00eatre facilement rinc\u00e9es compl\u00e8tement. Le liquide nettoyant biberons 500ml est sans parfums et ni colorants.\",\"breadcrumb\":{\"@id\":\"https:\/\/para-sanita.fidsexcellence.tn\/?product=nuk-liquide-vaisselles-bebe-500ml#breadcrumb\"},\"inLanguage\":\"fr-FR\",\"potentialAction\":[{\"@type\":\"ReadAction\",\"target\":[\"https:\/\/para-sanita.fidsexcellence.tn\/?product=nuk-liquide-vaisselles-bebe-500ml\"]}]},{\"@type\":\"BreadcrumbList\",\"@id\":\"https:\/\/para-sanita.fidsexcellence.tn\/?product=nuk-liquide-vaisselles-bebe-500ml#breadcrumb\",\"itemListElement\":[{\"@type\":\"ListItem\",\"position\":1,\"name\":\"Accueil\",\"item\":\"https:\/\/para-sanita.fidsexcellence.tn\/\"},{\"@type\":\"ListItem\",\"position\":2,\"name\":\"Shop\",\"item\":\"https:\/\/para-sanita.fidsexcellence.tn\/?page_id=3853\"},{\"@type\":\"ListItem\",\"position\":3,\"name\":\"NUK LIQUIDE VAISSELLES BEBE 500ML\"}]},{\"@type\":\"WebSite\",\"@id\":\"https:\/\/para-sanita.fidsexcellence.tn\/#website\",\"url\":\"https:\/\/para-sanita.fidsexcellence.tn\/\",\"name\":\"Para-Dis\",\"description\":\"\",\"publisher\":{\"@id\":\"https:\/\/para-sanita.fidsexcellence.tn\/#organization\"},\"potentialAction\":[{\"@type\":\"SearchAction\",\"target\":{\"@type\":\"EntryPoint\",\"urlTemplate\":\"https:\/\/para-sanita.fidsexcellence.tn\/?s={search_term_string}\"},\"query-input\":\"required name=search_term_string\"}],\"inLanguage\":\"fr-FR\"},{\"@type\":\"Organization\",\"@id\":\"https:\/\/para-sanita.fidsexcellence.tn\/#organization\",\"name\":\"Para-Dis\",\"url\":\"https:\/\/para-sanita.fidsexcellence.tn\/\",\"logo\":{\"@type\":\"ImageObject\",\"inLanguage\":\"fr-FR\",\"@id\":\"https:\/\/para-sanita.fidsexcellence.tn\/#\/schema\/logo\/image\/\",\"url\":\"https:\/\/para-sanita.fidsexcellence.tn\/wp-content\/uploads\/2025\/03\/cropped-logo-1.png\",\"contentUrl\":\"https:\/\/para-sanita.fidsexcellence.tn\/wp-content\/uploads\/2025\/03\/cropped-logo-1.png\",\"width\":502,\"height\":167,\"caption\":\"Para-Dis\"},\"image\":{\"@id\":\"https:\/\/para-sanita.fidsexcellence.tn\/#\/schema\/logo\/image\/\"}}]}<\/script>\n<!-- \/ Yoast SEO plugin. -->","yoast_head_json":{"title":"NUK LIQUIDE VAISSELLES BEBE 500ML - Para-Dis","description":"Le nettoyant pour biberons NUK a une consistance fine qui lui permet de se disperser rapidement les prot\u00e9ines restantes sont ouvertes par les enzymes et peuvent \u00eatre facilement rinc\u00e9es compl\u00e8tement. Le liquide nettoyant biberons 500ml est sans parfums et ni colorants.","robots":{"index":"index","follow":"follow","max-snippet":"max-snippet:-1","max-image-preview":"max-image-preview:large","max-video-preview":"max-video-preview:-1"},"canonical":"https:\/\/para-sanita.fidsexcellence.tn\/?product=nuk-liquide-vaisselles-bebe-500ml","og_locale":"fr_FR","og_type":"article","og_title":"NUK LIQUIDE VAISSELLES BEBE 500ML - Para-Dis","og_description":"Le nettoyant pour biberons NUK a une consistance fine qui lui permet de se disperser rapidement les prot\u00e9ines restantes sont ouvertes par les enzymes et peuvent \u00eatre facilement rinc\u00e9es compl\u00e8tement. Le liquide nettoyant biberons 500ml est sans parfums et ni colorants.","og_url":"https:\/\/para-sanita.fidsexcellence.tn\/?product=nuk-liquide-vaisselles-bebe-500ml","og_site_name":"Para-Dis","article_modified_time":"2023-08-13T10:01:34+00:00","og_image":[{"width":500,"height":500,"url":"https:\/\/para-sanita.fidsexcellence.tn\/wp-content\/uploads\/2023\/08\/nuk-liquide-vaisselles-bebe-500ml.jpg","type":"image\/jpeg"}],"twitter_card":"summary_large_image","twitter_misc":{"Dur\u00e9e de lecture estim\u00e9e":"1 minute"},"schema":{"@context":"https:\/\/schema.org","@graph":[{"@type":"WebPage","@id":"https:\/\/para-sanita.fidsexcellence.tn\/?product=nuk-liquide-vaisselles-bebe-500ml","url":"https:\/\/para-sanita.fidsexcellence.tn\/?product=nuk-liquide-vaisselles-bebe-500ml","name":"NUK LIQUIDE VAISSELLES BEBE 500ML - Para-Dis","isPartOf":{"@id":"https:\/\/para-sanita.fidsexcellence.tn\/#website"},"datePublished":"2023-08-13T09:50:56+00:00","dateModified":"2023-08-13T10:01:34+00:00","description":"Le nettoyant pour biberons NUK a une consistance fine qui lui permet de se disperser rapidement les prot\u00e9ines restantes sont ouvertes par les enzymes et peuvent \u00eatre facilement rinc\u00e9es compl\u00e8tement. Le liquide nettoyant biberons 500ml est sans parfums et ni colorants.","breadcrumb":{"@id":"https:\/\/para-sanita.fidsexcellence.tn\/?product=nuk-liquide-vaisselles-bebe-500ml#breadcrumb"},"inLanguage":"fr-FR","potentialAction":[{"@type":"ReadAction","target":["https:\/\/para-sanita.fidsexcellence.tn\/?product=nuk-liquide-vaisselles-bebe-500ml"]}]},{"@type":"BreadcrumbList","@id":"https:\/\/para-sanita.fidsexcellence.tn\/?product=nuk-liquide-vaisselles-bebe-500ml#breadcrumb","itemListElement":[{"@type":"ListItem","position":1,"name":"Accueil","item":"https:\/\/para-sanita.fidsexcellence.tn\/"},{"@type":"ListItem","position":2,"name":"Shop","item":"https:\/\/para-sanita.fidsexcellence.tn\/?page_id=3853"},{"@type":"ListItem","position":3,"name":"NUK LIQUIDE VAISSELLES BEBE 500ML"}]},{"@type":"WebSite","@id":"https:\/\/para-sanita.fidsexcellence.tn\/#website","url":"https:\/\/para-sanita.fidsexcellence.tn\/","name":"Para-Dis","description":"","publisher":{"@id":"https:\/\/para-sanita.fidsexcellence.tn\/#organization"},"potentialAction":[{"@type":"SearchAction","target":{"@type":"EntryPoint","urlTemplate":"https:\/\/para-sanita.fidsexcellence.tn\/?s={search_term_string}"},"query-input":"required name=search_term_string"}],"inLanguage":"fr-FR"},{"@type":"Organization","@id":"https:\/\/para-sanita.fidsexcellence.tn\/#organization","name":"Para-Dis","url":"https:\/\/para-sanita.fidsexcellence.tn\/","logo":{"@type":"ImageObject","inLanguage":"fr-FR","@id":"https:\/\/para-sanita.fidsexcellence.tn\/#\/schema\/logo\/image\/","url":"https:\/\/para-sanita.fidsexcellence.tn\/wp-content\/uploads\/2025\/03\/cropped-logo-1.png","contentUrl":"https:\/\/para-sanita.fidsexcellence.tn\/wp-content\/uploads\/2025\/03\/cropped-logo-1.png","width":502,"height":167,"caption":"Para-Dis"},"image":{"@id":"https:\/\/para-sanita.fidsexcellence.tn\/#\/schema\/logo\/image\/"}}]}},"brands":[{"id":262,"name":"NUK","slug":"nuk"}],"_links":{"self":[{"href":"https:\/\/para-sanita.fidsexcellence.tn\/index.php?rest_route=\/wp\/v2\/product\/11484","targetHints":{"allow":["GET"]}}],"collection":[{"href":"https:\/\/para-sanita.fidsexcellence.tn\/index.php?rest_route=\/wp\/v2\/product"}],"about":[{"href":"https:\/\/para-sanita.fidsexcellence.tn\/index.php?rest_route=\/wp\/v2\/types\/product"}],"replies":[{"embeddable":true,"href":"https:\/\/para-sanita.fidsexcellence.tn\/index.php?rest_route=%2Fwp%2Fv2%2Fcomments&post=11484"}],"version-history":[{"count":3,"href":"https:\/\/para-sanita.fidsexcellence.tn\/index.php?rest_route=\/wp\/v2\/product\/11484\/revisions"}],"predecessor-version":[{"id":11493,"href":"https:\/\/para-sanita.fidsexcellence.tn\/index.php?rest_route=\/wp\/v2\/product\/11484\/revisions\/11493"}],"wp:featuredmedia":[{"embeddable":true,"href":"https:\/\/para-sanita.fidsexcellence.tn\/index.php?rest_route=\/wp\/v2\/media\/11486"}],"wp:attachment":[{"href":"https:\/\/para-sanita.fidsexcellence.tn\/index.php?rest_route=%2Fwp%2Fv2%2Fmedia&parent=11484"}],"wp:term":[{"taxonomy":"pwb-brand","embeddable":true,"href":"https:\/\/para-sanita.fidsexcellence.tn\/index.php?rest_route=%2Fwp%2Fv2%2Fpwb-brand&post=11484"},{"taxonomy":"product_cat","embeddable":true,"href":"https:\/\/para-sanita.fidsexcellence.tn\/index.php?rest_route=%2Fwp%2Fv2%2Fproduct_cat&post=11484"},{"taxonomy":"product_tag","embeddable":true,"href":"https:\/\/para-sanita.fidsexcellence.tn\/index.php?rest_route=%2Fwp%2Fv2%2Fproduct_tag&post=11484"}],"curies":[{"name":"wp","href":"https:\/\/api.w.org\/{rel}","templated":true}]}}