{"id":11582,"date":"2023-08-13T14:33:19","date_gmt":"2023-08-13T14:33:19","guid":{"rendered":"https:\/\/para-sanita.fidsexcellence.tn\/?product=forte-pharma-xtraslim-700-120-gelules"},"modified":"2023-08-13T16:56:35","modified_gmt":"2023-08-13T16:56:35","slug":"forte-pharma-xtraslim-700-120-gelules","status":"publish","type":"product","link":"https:\/\/para-sanita.fidsexcellence.tn\/?product=forte-pharma-xtraslim-700-120-gelules","title":{"rendered":"FORTE PHARMA XTRASLIM 700 120 GELULES"},"content":{"rendered":"<p>XtraSlim 700, br\u00fbleur de graisses(1) est une solution innovante pour vous aider \u00e0 perdre du poids(2).<br \/>\nXtraSlim 700 propose une formule exclusive de 8 actifs : : 4 extraits de plantes choisies pour leur action minceur associ\u00e9s \u00e0 4 nutriments essentiels, pour retrouver rapidement une silhouette id\u00e9ale.<\/p>\n","protected":false},"excerpt":{"rendered":"<h2 class=\"product-title\"><strong>Xtraslim 700 120 Gelules + Turbodraineur The Peche \u2013 Forte Pharma<\/strong><\/h2>\n<p>Vous cherchez une solution naturelle et efficace pour perdre du poids ?<\/p>\n<p>Avec XtraSlim 700, le d\u00e9partement Recherche &amp; D\u00e9veloppement des Laboratoires Fort\u00e9 Pharma a mis au point une formule exclusive, innovante et efficace.<\/p>\n<p>Une association synergique de 8 actifs, soigneusement s\u00e9lectionn\u00e9s :<\/p>\n<p>4 extraits de plantes, choisis pour leur action minceur :<\/p>\n<p>\u2013 Une association de curcuma et de wakam\u00e9(1) : le wakam\u00e9 aide \u00e0 br\u00fbler les graisses, r\u00e9duire l\u2019app\u00e9tit et \u00e0 contr\u00f4ler son poids.<\/p>\n<p>\u2013 Le cassis(2) qui draine l\u2019organisme et facilite ainsi la perte de poids.<\/p>\n<p>\u2013 Le konjac, connu pour ses vertus di\u00e9t\u00e9tiques.<\/p>\n<p>&nbsp;<\/p>\n<p>3 ingr\u00e9dients compl\u00e9mentaires(4), agissant sur le m\u00e9tabolisme des lipides, des glucides et des prot\u00e9ines :<\/p>\n<p>\u2013 De la choline, un nutriment essentiel qui agit en synergie avec les vitamines du groupe B. La choline contribue \u00e0 un m\u00e9tabolisme lipidique normal.<\/p>\n<p>\u2013 Du chrome, qui contribue au maintien d\u2019une glyc\u00e9mie normale.<\/p>\n<p>\u2013 De la vitamine B6 qui favorise le m\u00e9tabolisme des prot\u00e9ines et contribue \u00e9galement \u00e0 r\u00e9duire la fatigue.<\/p>\n<p>\u2022 De la vitamine B1 qui permet un bon \u00e9quilibre du syst\u00e8me nerveux, et un m\u00e9tabolisme \u00e9nerg\u00e9tique normal(5).<\/p>\n","protected":false},"featured_media":11584,"comment_status":"closed","ping_status":"closed","template":"","meta":[],"pwb-brand":[248],"product_cat":[217,213],"product_tag":[],"class_list":{"0":"post-11582","1":"product","2":"type-product","3":"status-publish","4":"has-post-thumbnail","6":"pwb-brand-forte-pharma","7":"product_cat-anti-cellulite","8":"product_cat-complement-alimentaire","10":"first","11":"instock","12":"purchasable","13":"product-type-simple"},"acf":[],"yoast_head":"<!-- This site is optimized with the Yoast SEO plugin v20.13 - https:\/\/yoast.com\/wordpress\/plugins\/seo\/ -->\n<title>FORTE PHARMA XTRASLIM 700 120 GELULES - Para-Dis<\/title>\n<meta name=\"description\" content=\"XtraSlim 700, br\u00fbleur de graisses(1) est une solution innovante pour vous aider \u00e0 perdre du poids(2).XtraSlim 700 propose une formule exclusive de 8 actifs : : 4 extraits de plantes choisies pour leur action minceur associ\u00e9s \u00e0 4 nutriments essentiels, pour retrouver rapidement une silhouette id\u00e9ale.\" \/>\n<meta name=\"robots\" content=\"index, follow, max-snippet:-1, max-image-preview:large, max-video-preview:-1\" \/>\n<link rel=\"canonical\" href=\"https:\/\/para-sanita.fidsexcellence.tn\/?product=forte-pharma-xtraslim-700-120-gelules\" \/>\n<meta property=\"og:locale\" content=\"fr_FR\" \/>\n<meta property=\"og:type\" content=\"article\" \/>\n<meta property=\"og:title\" content=\"FORTE PHARMA XTRASLIM 700 120 GELULES - Para-Dis\" \/>\n<meta property=\"og:description\" content=\"XtraSlim 700, br\u00fbleur de graisses(1) est une solution innovante pour vous aider \u00e0 perdre du poids(2).XtraSlim 700 propose une formule exclusive de 8 actifs : : 4 extraits de plantes choisies pour leur action minceur associ\u00e9s \u00e0 4 nutriments essentiels, pour retrouver rapidement une silhouette id\u00e9ale.\" \/>\n<meta property=\"og:url\" content=\"https:\/\/para-sanita.fidsexcellence.tn\/?product=forte-pharma-xtraslim-700-120-gelules\" \/>\n<meta property=\"og:site_name\" content=\"Para-Dis\" \/>\n<meta property=\"article:modified_time\" content=\"2023-08-13T16:56:35+00:00\" \/>\n<meta property=\"og:image\" content=\"https:\/\/para-sanita.fidsexcellence.tn\/wp-content\/uploads\/2023\/08\/forte-pharma-xtraslim-700-120-gelules.jpg\" \/>\n\t<meta property=\"og:image:width\" content=\"458\" \/>\n\t<meta property=\"og:image:height\" content=\"458\" \/>\n\t<meta property=\"og:image:type\" content=\"image\/jpeg\" \/>\n<meta name=\"twitter:card\" content=\"summary_large_image\" \/>\n<meta name=\"twitter:label1\" content=\"Dur\u00e9e de lecture estim\u00e9e\" \/>\n\t<meta name=\"twitter:data1\" content=\"1 minute\" \/>\n<script type=\"application\/ld+json\" class=\"yoast-schema-graph\">{\"@context\":\"https:\/\/schema.org\",\"@graph\":[{\"@type\":\"WebPage\",\"@id\":\"https:\/\/para-sanita.fidsexcellence.tn\/?product=forte-pharma-xtraslim-700-120-gelules\",\"url\":\"https:\/\/para-sanita.fidsexcellence.tn\/?product=forte-pharma-xtraslim-700-120-gelules\",\"name\":\"FORTE PHARMA XTRASLIM 700 120 GELULES - Para-Dis\",\"isPartOf\":{\"@id\":\"https:\/\/para-sanita.fidsexcellence.tn\/#website\"},\"datePublished\":\"2023-08-13T14:33:19+00:00\",\"dateModified\":\"2023-08-13T16:56:35+00:00\",\"description\":\"XtraSlim 700, br\u00fbleur de graisses(1) est une solution innovante pour vous aider \u00e0 perdre du poids(2).XtraSlim 700 propose une formule exclusive de 8 actifs : : 4 extraits de plantes choisies pour leur action minceur associ\u00e9s \u00e0 4 nutriments essentiels, pour retrouver rapidement une silhouette id\u00e9ale.\",\"breadcrumb\":{\"@id\":\"https:\/\/para-sanita.fidsexcellence.tn\/?product=forte-pharma-xtraslim-700-120-gelules#breadcrumb\"},\"inLanguage\":\"fr-FR\",\"potentialAction\":[{\"@type\":\"ReadAction\",\"target\":[\"https:\/\/para-sanita.fidsexcellence.tn\/?product=forte-pharma-xtraslim-700-120-gelules\"]}]},{\"@type\":\"BreadcrumbList\",\"@id\":\"https:\/\/para-sanita.fidsexcellence.tn\/?product=forte-pharma-xtraslim-700-120-gelules#breadcrumb\",\"itemListElement\":[{\"@type\":\"ListItem\",\"position\":1,\"name\":\"Accueil\",\"item\":\"https:\/\/para-sanita.fidsexcellence.tn\/\"},{\"@type\":\"ListItem\",\"position\":2,\"name\":\"Shop\",\"item\":\"https:\/\/para-sanita.fidsexcellence.tn\/?page_id=3853\"},{\"@type\":\"ListItem\",\"position\":3,\"name\":\"FORTE PHARMA XTRASLIM 700 120 GELULES\"}]},{\"@type\":\"WebSite\",\"@id\":\"https:\/\/para-sanita.fidsexcellence.tn\/#website\",\"url\":\"https:\/\/para-sanita.fidsexcellence.tn\/\",\"name\":\"Para-Dis\",\"description\":\"\",\"publisher\":{\"@id\":\"https:\/\/para-sanita.fidsexcellence.tn\/#organization\"},\"potentialAction\":[{\"@type\":\"SearchAction\",\"target\":{\"@type\":\"EntryPoint\",\"urlTemplate\":\"https:\/\/para-sanita.fidsexcellence.tn\/?s={search_term_string}\"},\"query-input\":\"required name=search_term_string\"}],\"inLanguage\":\"fr-FR\"},{\"@type\":\"Organization\",\"@id\":\"https:\/\/para-sanita.fidsexcellence.tn\/#organization\",\"name\":\"Para-Dis\",\"url\":\"https:\/\/para-sanita.fidsexcellence.tn\/\",\"logo\":{\"@type\":\"ImageObject\",\"inLanguage\":\"fr-FR\",\"@id\":\"https:\/\/para-sanita.fidsexcellence.tn\/#\/schema\/logo\/image\/\",\"url\":\"https:\/\/para-sanita.fidsexcellence.tn\/wp-content\/uploads\/2025\/03\/cropped-logo-1.png\",\"contentUrl\":\"https:\/\/para-sanita.fidsexcellence.tn\/wp-content\/uploads\/2025\/03\/cropped-logo-1.png\",\"width\":502,\"height\":167,\"caption\":\"Para-Dis\"},\"image\":{\"@id\":\"https:\/\/para-sanita.fidsexcellence.tn\/#\/schema\/logo\/image\/\"}}]}<\/script>\n<!-- \/ Yoast SEO plugin. -->","yoast_head_json":{"title":"FORTE PHARMA XTRASLIM 700 120 GELULES - Para-Dis","description":"XtraSlim 700, br\u00fbleur de graisses(1) est une solution innovante pour vous aider \u00e0 perdre du poids(2).XtraSlim 700 propose une formule exclusive de 8 actifs : : 4 extraits de plantes choisies pour leur action minceur associ\u00e9s \u00e0 4 nutriments essentiels, pour retrouver rapidement une silhouette id\u00e9ale.","robots":{"index":"index","follow":"follow","max-snippet":"max-snippet:-1","max-image-preview":"max-image-preview:large","max-video-preview":"max-video-preview:-1"},"canonical":"https:\/\/para-sanita.fidsexcellence.tn\/?product=forte-pharma-xtraslim-700-120-gelules","og_locale":"fr_FR","og_type":"article","og_title":"FORTE PHARMA XTRASLIM 700 120 GELULES - Para-Dis","og_description":"XtraSlim 700, br\u00fbleur de graisses(1) est une solution innovante pour vous aider \u00e0 perdre du poids(2).XtraSlim 700 propose une formule exclusive de 8 actifs : : 4 extraits de plantes choisies pour leur action minceur associ\u00e9s \u00e0 4 nutriments essentiels, pour retrouver rapidement une silhouette id\u00e9ale.","og_url":"https:\/\/para-sanita.fidsexcellence.tn\/?product=forte-pharma-xtraslim-700-120-gelules","og_site_name":"Para-Dis","article_modified_time":"2023-08-13T16:56:35+00:00","og_image":[{"width":458,"height":458,"url":"https:\/\/para-sanita.fidsexcellence.tn\/wp-content\/uploads\/2023\/08\/forte-pharma-xtraslim-700-120-gelules.jpg","type":"image\/jpeg"}],"twitter_card":"summary_large_image","twitter_misc":{"Dur\u00e9e de lecture estim\u00e9e":"1 minute"},"schema":{"@context":"https:\/\/schema.org","@graph":[{"@type":"WebPage","@id":"https:\/\/para-sanita.fidsexcellence.tn\/?product=forte-pharma-xtraslim-700-120-gelules","url":"https:\/\/para-sanita.fidsexcellence.tn\/?product=forte-pharma-xtraslim-700-120-gelules","name":"FORTE PHARMA XTRASLIM 700 120 GELULES - Para-Dis","isPartOf":{"@id":"https:\/\/para-sanita.fidsexcellence.tn\/#website"},"datePublished":"2023-08-13T14:33:19+00:00","dateModified":"2023-08-13T16:56:35+00:00","description":"XtraSlim 700, br\u00fbleur de graisses(1) est une solution innovante pour vous aider \u00e0 perdre du poids(2).XtraSlim 700 propose une formule exclusive de 8 actifs : : 4 extraits de plantes choisies pour leur action minceur associ\u00e9s \u00e0 4 nutriments essentiels, pour retrouver rapidement une silhouette id\u00e9ale.","breadcrumb":{"@id":"https:\/\/para-sanita.fidsexcellence.tn\/?product=forte-pharma-xtraslim-700-120-gelules#breadcrumb"},"inLanguage":"fr-FR","potentialAction":[{"@type":"ReadAction","target":["https:\/\/para-sanita.fidsexcellence.tn\/?product=forte-pharma-xtraslim-700-120-gelules"]}]},{"@type":"BreadcrumbList","@id":"https:\/\/para-sanita.fidsexcellence.tn\/?product=forte-pharma-xtraslim-700-120-gelules#breadcrumb","itemListElement":[{"@type":"ListItem","position":1,"name":"Accueil","item":"https:\/\/para-sanita.fidsexcellence.tn\/"},{"@type":"ListItem","position":2,"name":"Shop","item":"https:\/\/para-sanita.fidsexcellence.tn\/?page_id=3853"},{"@type":"ListItem","position":3,"name":"FORTE PHARMA XTRASLIM 700 120 GELULES"}]},{"@type":"WebSite","@id":"https:\/\/para-sanita.fidsexcellence.tn\/#website","url":"https:\/\/para-sanita.fidsexcellence.tn\/","name":"Para-Dis","description":"","publisher":{"@id":"https:\/\/para-sanita.fidsexcellence.tn\/#organization"},"potentialAction":[{"@type":"SearchAction","target":{"@type":"EntryPoint","urlTemplate":"https:\/\/para-sanita.fidsexcellence.tn\/?s={search_term_string}"},"query-input":"required name=search_term_string"}],"inLanguage":"fr-FR"},{"@type":"Organization","@id":"https:\/\/para-sanita.fidsexcellence.tn\/#organization","name":"Para-Dis","url":"https:\/\/para-sanita.fidsexcellence.tn\/","logo":{"@type":"ImageObject","inLanguage":"fr-FR","@id":"https:\/\/para-sanita.fidsexcellence.tn\/#\/schema\/logo\/image\/","url":"https:\/\/para-sanita.fidsexcellence.tn\/wp-content\/uploads\/2025\/03\/cropped-logo-1.png","contentUrl":"https:\/\/para-sanita.fidsexcellence.tn\/wp-content\/uploads\/2025\/03\/cropped-logo-1.png","width":502,"height":167,"caption":"Para-Dis"},"image":{"@id":"https:\/\/para-sanita.fidsexcellence.tn\/#\/schema\/logo\/image\/"}}]}},"brands":[{"id":248,"name":"Forte Pharma","slug":"forte-pharma"}],"_links":{"self":[{"href":"https:\/\/para-sanita.fidsexcellence.tn\/index.php?rest_route=\/wp\/v2\/product\/11582","targetHints":{"allow":["GET"]}}],"collection":[{"href":"https:\/\/para-sanita.fidsexcellence.tn\/index.php?rest_route=\/wp\/v2\/product"}],"about":[{"href":"https:\/\/para-sanita.fidsexcellence.tn\/index.php?rest_route=\/wp\/v2\/types\/product"}],"replies":[{"embeddable":true,"href":"https:\/\/para-sanita.fidsexcellence.tn\/index.php?rest_route=%2Fwp%2Fv2%2Fcomments&post=11582"}],"version-history":[{"count":3,"href":"https:\/\/para-sanita.fidsexcellence.tn\/index.php?rest_route=\/wp\/v2\/product\/11582\/revisions"}],"predecessor-version":[{"id":11645,"href":"https:\/\/para-sanita.fidsexcellence.tn\/index.php?rest_route=\/wp\/v2\/product\/11582\/revisions\/11645"}],"wp:featuredmedia":[{"embeddable":true,"href":"https:\/\/para-sanita.fidsexcellence.tn\/index.php?rest_route=\/wp\/v2\/media\/11584"}],"wp:attachment":[{"href":"https:\/\/para-sanita.fidsexcellence.tn\/index.php?rest_route=%2Fwp%2Fv2%2Fmedia&parent=11582"}],"wp:term":[{"taxonomy":"pwb-brand","embeddable":true,"href":"https:\/\/para-sanita.fidsexcellence.tn\/index.php?rest_route=%2Fwp%2Fv2%2Fpwb-brand&post=11582"},{"taxonomy":"product_cat","embeddable":true,"href":"https:\/\/para-sanita.fidsexcellence.tn\/index.php?rest_route=%2Fwp%2Fv2%2Fproduct_cat&post=11582"},{"taxonomy":"product_tag","embeddable":true,"href":"https:\/\/para-sanita.fidsexcellence.tn\/index.php?rest_route=%2Fwp%2Fv2%2Fproduct_tag&post=11582"}],"curies":[{"name":"wp","href":"https:\/\/api.w.org\/{rel}","templated":true}]}}