{"id":11688,"date":"2023-08-14T12:11:18","date_gmt":"2023-08-14T12:11:18","guid":{"rendered":"https:\/\/para-sanita.fidsexcellence.tn\/?product=daylong-face-spf-50-gel-fluide-leger-50-ml"},"modified":"2023-08-15T16:13:00","modified_gmt":"2023-08-15T16:13:00","slug":"daylong-face-spf-50-gel-fluide-leger-50-ml","status":"publish","type":"product","link":"https:\/\/para-sanita.fidsexcellence.tn\/?product=daylong-face-spf-50-gel-fluide-leger-50-ml","title":{"rendered":"DAYLONG FACE SPF 50+ GEL-FLUIDE L\u00e9ger 50 ml"},"content":{"rendered":"<p>DAYLONG FACE SPF 50+ GEL-FLUIDE L\u00e9ger est adapt\u00e9 \u00e0 la peau sujette aux allergies solaires et \u00e0 tendance grasse. L\u2019efficacit\u00e9 et la tol\u00e9rance cutan\u00e9e a \u00e9t\u00e9 prouv\u00e9e d\u2019un essai sur des peaux souffrant d\u2019allergies solaires.<\/p>\n","protected":false},"excerpt":{"rendered":"<p>Description<br \/>\nDaylong\u2122 extreme SPF 50+ offre une protection pour les peaux sensibles et grasses, test\u00e9 dermatologiquement, il laisse une sensation agr\u00e9able L\u2019efficacit\u00e9 et la tol\u00e9rance cutan\u00e9e a \u00e9t\u00e9 prouv\u00e9e lors d\u2019un essai clinique sur des peaux souffrant d\u2019allergies solaires. Indications :Peaux tr\u00e8s claires (phototypes I et II)Peaux tr\u00e8s sensibles Peaux allergiques au soleil Peaux grasses ou \u00e0 tendance acn\u00e9ique Pr\u00e9vention des taches de pigmentation (grossesse, photosensibilisation)Cicatrices et post laser Visage et corps Plaisir et confort d\u2019utilisation :texture non grasse grande absorption sec r\u00e9siste \u00e0 l\u2019eau et \u00e0 la transpiration Ne pique pas les yeux id\u00e9al pour les sportifs<\/p>\n<p>Conseils d\u2019utilisation<br \/>\nL\u2019application se fait 20 minutes avant l\u2019expositionau soleil. \u00a0Il ne faut pas appliquer en petites quantit\u00e9s car \u00e7a r\u00e9duit l\u2019efficacit\u00e9. Appliquer apr\u00e8s chaque transpiration et baignade. M\u00eame les produits antisolaires ne prot\u00e8gent pas contre les rayons UV, une exposition longue dur\u00e9e au soleil est dangereuse.<\/p>\n<p>DAYLONG FACE SPF 50+ GEL-FLUIDE L\u00e9ger 50 ml DAYLONG FACE SPF 50+ GEL-FLUIDE L\u00e9ger est adapt\u00e9 \u00e0 la peau sujette aux allergies solaires et \u00e0 tendance grasse. L\u2019efficacit\u00e9 et la tol\u00e9rance cutan\u00e9e a \u00e9t\u00e9 prouv\u00e9e d\u2019un essai sur des peaux souffrant d\u2019allergies solaires.<\/p>\n","protected":false},"featured_media":11690,"comment_status":"closed","ping_status":"closed","template":"","meta":[],"pwb-brand":[255],"product_cat":[195,194],"product_tag":[],"class_list":{"0":"post-11688","1":"product","2":"type-product","3":"status-publish","4":"has-post-thumbnail","6":"pwb-brand-daylong","7":"product_cat-cremes-solaires","8":"product_cat-solaire","10":"first","11":"instock","12":"purchasable","13":"product-type-simple"},"acf":[],"yoast_head":"<!-- This site is optimized with the Yoast SEO plugin v20.13 - https:\/\/yoast.com\/wordpress\/plugins\/seo\/ -->\n<title>DAYLONG FACE SPF 50+ GEL-FLUIDE L\u00e9ger 50 ml - Para-Dis<\/title>\n<meta name=\"robots\" content=\"index, follow, max-snippet:-1, max-image-preview:large, max-video-preview:-1\" \/>\n<link rel=\"canonical\" href=\"https:\/\/para-sanita.fidsexcellence.tn\/?product=daylong-face-spf-50-gel-fluide-leger-50-ml\" \/>\n<meta property=\"og:locale\" content=\"fr_FR\" \/>\n<meta property=\"og:type\" content=\"article\" \/>\n<meta property=\"og:title\" content=\"DAYLONG FACE SPF 50+ GEL-FLUIDE L\u00e9ger 50 ml - Para-Dis\" \/>\n<meta property=\"og:description\" content=\"Description Daylong\u2122 extreme SPF 50+ offre une protection pour les peaux sensibles et grasses, test\u00e9 dermatologiquement, il laisse une sensation agr\u00e9able L\u2019efficacit\u00e9 et la tol\u00e9rance cutan\u00e9e a \u00e9t\u00e9 prouv\u00e9e lors d\u2019un essai clinique sur des peaux souffrant d\u2019allergies solaires. Indications :Peaux tr\u00e8s claires (phototypes I et II)Peaux tr\u00e8s sensibles Peaux allergiques au soleil Peaux grasses ou \u00e0 tendance acn\u00e9ique Pr\u00e9vention des taches de pigmentation (grossesse, photosensibilisation)Cicatrices et post laser Visage et corps Plaisir et confort d\u2019utilisation :texture non grasse grande absorption sec r\u00e9siste \u00e0 l\u2019eau et \u00e0 la transpiration Ne pique pas les yeux id\u00e9al pour les sportifs  Conseils d\u2019utilisation L\u2019application se fait 20 minutes avant l\u2019expositionau soleil. \u00a0Il ne faut pas appliquer en petites quantit\u00e9s car \u00e7a r\u00e9duit l\u2019efficacit\u00e9. Appliquer apr\u00e8s chaque transpiration et baignade. M\u00eame les produits antisolaires ne prot\u00e8gent pas contre les rayons UV, une exposition longue dur\u00e9e au soleil est dangereuse.  DAYLONG FACE SPF 50+ GEL-FLUIDE L\u00e9ger 50 ml DAYLONG FACE SPF 50+ GEL-FLUIDE L\u00e9ger est adapt\u00e9 \u00e0 la peau sujette aux allergies solaires et \u00e0 tendance grasse. L\u2019efficacit\u00e9 et la tol\u00e9rance cutan\u00e9e a \u00e9t\u00e9 prouv\u00e9e d\u2019un essai sur des peaux souffrant d\u2019allergies solaires.\" \/>\n<meta property=\"og:url\" content=\"https:\/\/para-sanita.fidsexcellence.tn\/?product=daylong-face-spf-50-gel-fluide-leger-50-ml\" \/>\n<meta property=\"og:site_name\" content=\"Para-Dis\" \/>\n<meta property=\"article:modified_time\" content=\"2023-08-15T16:13:00+00:00\" \/>\n<meta property=\"og:image\" content=\"https:\/\/para-sanita.fidsexcellence.tn\/wp-content\/uploads\/2023\/08\/spirig-daylong-extreme-spf-50-gel-50ml.jpg\" \/>\n\t<meta property=\"og:image:width\" content=\"458\" \/>\n\t<meta property=\"og:image:height\" content=\"458\" \/>\n\t<meta property=\"og:image:type\" content=\"image\/jpeg\" \/>\n<meta name=\"twitter:card\" content=\"summary_large_image\" \/>\n<meta name=\"twitter:label1\" content=\"Dur\u00e9e de lecture estim\u00e9e\" \/>\n\t<meta name=\"twitter:data1\" content=\"1 minute\" \/>\n<script type=\"application\/ld+json\" class=\"yoast-schema-graph\">{\"@context\":\"https:\/\/schema.org\",\"@graph\":[{\"@type\":\"WebPage\",\"@id\":\"https:\/\/para-sanita.fidsexcellence.tn\/?product=daylong-face-spf-50-gel-fluide-leger-50-ml\",\"url\":\"https:\/\/para-sanita.fidsexcellence.tn\/?product=daylong-face-spf-50-gel-fluide-leger-50-ml\",\"name\":\"DAYLONG FACE SPF 50+ GEL-FLUIDE L\u00e9ger 50 ml - Para-Dis\",\"isPartOf\":{\"@id\":\"https:\/\/para-sanita.fidsexcellence.tn\/#website\"},\"datePublished\":\"2023-08-14T12:11:18+00:00\",\"dateModified\":\"2023-08-15T16:13:00+00:00\",\"breadcrumb\":{\"@id\":\"https:\/\/para-sanita.fidsexcellence.tn\/?product=daylong-face-spf-50-gel-fluide-leger-50-ml#breadcrumb\"},\"inLanguage\":\"fr-FR\",\"potentialAction\":[{\"@type\":\"ReadAction\",\"target\":[\"https:\/\/para-sanita.fidsexcellence.tn\/?product=daylong-face-spf-50-gel-fluide-leger-50-ml\"]}]},{\"@type\":\"BreadcrumbList\",\"@id\":\"https:\/\/para-sanita.fidsexcellence.tn\/?product=daylong-face-spf-50-gel-fluide-leger-50-ml#breadcrumb\",\"itemListElement\":[{\"@type\":\"ListItem\",\"position\":1,\"name\":\"Accueil\",\"item\":\"https:\/\/para-sanita.fidsexcellence.tn\/\"},{\"@type\":\"ListItem\",\"position\":2,\"name\":\"Shop\",\"item\":\"https:\/\/para-sanita.fidsexcellence.tn\/?page_id=3853\"},{\"@type\":\"ListItem\",\"position\":3,\"name\":\"DAYLONG FACE SPF 50+ GEL-FLUIDE L\u00e9ger 50 ml\"}]},{\"@type\":\"WebSite\",\"@id\":\"https:\/\/para-sanita.fidsexcellence.tn\/#website\",\"url\":\"https:\/\/para-sanita.fidsexcellence.tn\/\",\"name\":\"Para-Dis\",\"description\":\"\",\"publisher\":{\"@id\":\"https:\/\/para-sanita.fidsexcellence.tn\/#organization\"},\"potentialAction\":[{\"@type\":\"SearchAction\",\"target\":{\"@type\":\"EntryPoint\",\"urlTemplate\":\"https:\/\/para-sanita.fidsexcellence.tn\/?s={search_term_string}\"},\"query-input\":\"required name=search_term_string\"}],\"inLanguage\":\"fr-FR\"},{\"@type\":\"Organization\",\"@id\":\"https:\/\/para-sanita.fidsexcellence.tn\/#organization\",\"name\":\"Para-Dis\",\"url\":\"https:\/\/para-sanita.fidsexcellence.tn\/\",\"logo\":{\"@type\":\"ImageObject\",\"inLanguage\":\"fr-FR\",\"@id\":\"https:\/\/para-sanita.fidsexcellence.tn\/#\/schema\/logo\/image\/\",\"url\":\"https:\/\/para-sanita.fidsexcellence.tn\/wp-content\/uploads\/2025\/03\/cropped-logo-1.png\",\"contentUrl\":\"https:\/\/para-sanita.fidsexcellence.tn\/wp-content\/uploads\/2025\/03\/cropped-logo-1.png\",\"width\":502,\"height\":167,\"caption\":\"Para-Dis\"},\"image\":{\"@id\":\"https:\/\/para-sanita.fidsexcellence.tn\/#\/schema\/logo\/image\/\"}}]}<\/script>\n<!-- \/ Yoast SEO plugin. -->","yoast_head_json":{"title":"DAYLONG FACE SPF 50+ GEL-FLUIDE L\u00e9ger 50 ml - Para-Dis","robots":{"index":"index","follow":"follow","max-snippet":"max-snippet:-1","max-image-preview":"max-image-preview:large","max-video-preview":"max-video-preview:-1"},"canonical":"https:\/\/para-sanita.fidsexcellence.tn\/?product=daylong-face-spf-50-gel-fluide-leger-50-ml","og_locale":"fr_FR","og_type":"article","og_title":"DAYLONG FACE SPF 50+ GEL-FLUIDE L\u00e9ger 50 ml - Para-Dis","og_description":"Description Daylong\u2122 extreme SPF 50+ offre une protection pour les peaux sensibles et grasses, test\u00e9 dermatologiquement, il laisse une sensation agr\u00e9able L\u2019efficacit\u00e9 et la tol\u00e9rance cutan\u00e9e a \u00e9t\u00e9 prouv\u00e9e lors d\u2019un essai clinique sur des peaux souffrant d\u2019allergies solaires. Indications :Peaux tr\u00e8s claires (phototypes I et II)Peaux tr\u00e8s sensibles Peaux allergiques au soleil Peaux grasses ou \u00e0 tendance acn\u00e9ique Pr\u00e9vention des taches de pigmentation (grossesse, photosensibilisation)Cicatrices et post laser Visage et corps Plaisir et confort d\u2019utilisation :texture non grasse grande absorption sec r\u00e9siste \u00e0 l\u2019eau et \u00e0 la transpiration Ne pique pas les yeux id\u00e9al pour les sportifs  Conseils d\u2019utilisation L\u2019application se fait 20 minutes avant l\u2019expositionau soleil. \u00a0Il ne faut pas appliquer en petites quantit\u00e9s car \u00e7a r\u00e9duit l\u2019efficacit\u00e9. Appliquer apr\u00e8s chaque transpiration et baignade. M\u00eame les produits antisolaires ne prot\u00e8gent pas contre les rayons UV, une exposition longue dur\u00e9e au soleil est dangereuse.  DAYLONG FACE SPF 50+ GEL-FLUIDE L\u00e9ger 50 ml DAYLONG FACE SPF 50+ GEL-FLUIDE L\u00e9ger est adapt\u00e9 \u00e0 la peau sujette aux allergies solaires et \u00e0 tendance grasse. L\u2019efficacit\u00e9 et la tol\u00e9rance cutan\u00e9e a \u00e9t\u00e9 prouv\u00e9e d\u2019un essai sur des peaux souffrant d\u2019allergies solaires.","og_url":"https:\/\/para-sanita.fidsexcellence.tn\/?product=daylong-face-spf-50-gel-fluide-leger-50-ml","og_site_name":"Para-Dis","article_modified_time":"2023-08-15T16:13:00+00:00","og_image":[{"width":458,"height":458,"url":"https:\/\/para-sanita.fidsexcellence.tn\/wp-content\/uploads\/2023\/08\/spirig-daylong-extreme-spf-50-gel-50ml.jpg","type":"image\/jpeg"}],"twitter_card":"summary_large_image","twitter_misc":{"Dur\u00e9e de lecture estim\u00e9e":"1 minute"},"schema":{"@context":"https:\/\/schema.org","@graph":[{"@type":"WebPage","@id":"https:\/\/para-sanita.fidsexcellence.tn\/?product=daylong-face-spf-50-gel-fluide-leger-50-ml","url":"https:\/\/para-sanita.fidsexcellence.tn\/?product=daylong-face-spf-50-gel-fluide-leger-50-ml","name":"DAYLONG FACE SPF 50+ GEL-FLUIDE L\u00e9ger 50 ml - Para-Dis","isPartOf":{"@id":"https:\/\/para-sanita.fidsexcellence.tn\/#website"},"datePublished":"2023-08-14T12:11:18+00:00","dateModified":"2023-08-15T16:13:00+00:00","breadcrumb":{"@id":"https:\/\/para-sanita.fidsexcellence.tn\/?product=daylong-face-spf-50-gel-fluide-leger-50-ml#breadcrumb"},"inLanguage":"fr-FR","potentialAction":[{"@type":"ReadAction","target":["https:\/\/para-sanita.fidsexcellence.tn\/?product=daylong-face-spf-50-gel-fluide-leger-50-ml"]}]},{"@type":"BreadcrumbList","@id":"https:\/\/para-sanita.fidsexcellence.tn\/?product=daylong-face-spf-50-gel-fluide-leger-50-ml#breadcrumb","itemListElement":[{"@type":"ListItem","position":1,"name":"Accueil","item":"https:\/\/para-sanita.fidsexcellence.tn\/"},{"@type":"ListItem","position":2,"name":"Shop","item":"https:\/\/para-sanita.fidsexcellence.tn\/?page_id=3853"},{"@type":"ListItem","position":3,"name":"DAYLONG FACE SPF 50+ GEL-FLUIDE L\u00e9ger 50 ml"}]},{"@type":"WebSite","@id":"https:\/\/para-sanita.fidsexcellence.tn\/#website","url":"https:\/\/para-sanita.fidsexcellence.tn\/","name":"Para-Dis","description":"","publisher":{"@id":"https:\/\/para-sanita.fidsexcellence.tn\/#organization"},"potentialAction":[{"@type":"SearchAction","target":{"@type":"EntryPoint","urlTemplate":"https:\/\/para-sanita.fidsexcellence.tn\/?s={search_term_string}"},"query-input":"required name=search_term_string"}],"inLanguage":"fr-FR"},{"@type":"Organization","@id":"https:\/\/para-sanita.fidsexcellence.tn\/#organization","name":"Para-Dis","url":"https:\/\/para-sanita.fidsexcellence.tn\/","logo":{"@type":"ImageObject","inLanguage":"fr-FR","@id":"https:\/\/para-sanita.fidsexcellence.tn\/#\/schema\/logo\/image\/","url":"https:\/\/para-sanita.fidsexcellence.tn\/wp-content\/uploads\/2025\/03\/cropped-logo-1.png","contentUrl":"https:\/\/para-sanita.fidsexcellence.tn\/wp-content\/uploads\/2025\/03\/cropped-logo-1.png","width":502,"height":167,"caption":"Para-Dis"},"image":{"@id":"https:\/\/para-sanita.fidsexcellence.tn\/#\/schema\/logo\/image\/"}}]}},"brands":[{"id":255,"name":"Daylong","slug":"daylong"}],"_links":{"self":[{"href":"https:\/\/para-sanita.fidsexcellence.tn\/index.php?rest_route=\/wp\/v2\/product\/11688","targetHints":{"allow":["GET"]}}],"collection":[{"href":"https:\/\/para-sanita.fidsexcellence.tn\/index.php?rest_route=\/wp\/v2\/product"}],"about":[{"href":"https:\/\/para-sanita.fidsexcellence.tn\/index.php?rest_route=\/wp\/v2\/types\/product"}],"replies":[{"embeddable":true,"href":"https:\/\/para-sanita.fidsexcellence.tn\/index.php?rest_route=%2Fwp%2Fv2%2Fcomments&post=11688"}],"version-history":[{"count":2,"href":"https:\/\/para-sanita.fidsexcellence.tn\/index.php?rest_route=\/wp\/v2\/product\/11688\/revisions"}],"predecessor-version":[{"id":11720,"href":"https:\/\/para-sanita.fidsexcellence.tn\/index.php?rest_route=\/wp\/v2\/product\/11688\/revisions\/11720"}],"wp:featuredmedia":[{"embeddable":true,"href":"https:\/\/para-sanita.fidsexcellence.tn\/index.php?rest_route=\/wp\/v2\/media\/11690"}],"wp:attachment":[{"href":"https:\/\/para-sanita.fidsexcellence.tn\/index.php?rest_route=%2Fwp%2Fv2%2Fmedia&parent=11688"}],"wp:term":[{"taxonomy":"pwb-brand","embeddable":true,"href":"https:\/\/para-sanita.fidsexcellence.tn\/index.php?rest_route=%2Fwp%2Fv2%2Fpwb-brand&post=11688"},{"taxonomy":"product_cat","embeddable":true,"href":"https:\/\/para-sanita.fidsexcellence.tn\/index.php?rest_route=%2Fwp%2Fv2%2Fproduct_cat&post=11688"},{"taxonomy":"product_tag","embeddable":true,"href":"https:\/\/para-sanita.fidsexcellence.tn\/index.php?rest_route=%2Fwp%2Fv2%2Fproduct_tag&post=11688"}],"curies":[{"name":"wp","href":"https:\/\/api.w.org\/{rel}","templated":true}]}}