{"id":11697,"date":"2023-08-14T12:20:22","date_gmt":"2023-08-14T12:20:22","guid":{"rendered":"https:\/\/para-sanita.fidsexcellence.tn\/?product=avene-fluide-protection-solaire-spf50-50ml"},"modified":"2023-08-15T16:21:13","modified_gmt":"2023-08-15T16:21:13","slug":"avene-fluide-protection-solaire-spf50-50ml","status":"publish","type":"product","link":"https:\/\/para-sanita.fidsexcellence.tn\/?product=avene-fluide-protection-solaire-spf50-50ml","title":{"rendered":"Av\u00e8ne Fluide Protection solaire SPF50+, 50ml"},"content":{"rendered":"<p>Ecran Solaire Av\u00e8ne Fluide SPF50+<br \/>\nLe Fluide Av\u00e8ne SPF50+ est un \u00e9cran solaire \u00e0 haute protection, convient \u00e0 la peau sensible normale \u00e0 mixte. Sa texture l\u00e9g\u00e8re, sensation peau nue, laisse une finition s\u00e8che et non brillante, imperceptible sur la peau.<br \/>\nGr\u00e2ce \u00e0 son complexe antioxydant, Av\u00e8ne Fluide assure une protection cellulaires.<br \/>\nConseils d&#8217;utilisation<br \/>\nAppliquez six doses d&#8217;Av\u00e8ne Fluide, avant toute exposition au soleil, sur le visage et le cou.<br \/>\nRenouvelez fr\u00e9quemment l&#8217;application pour maintenir la protection.<br \/>\nComposition<br \/>\nAvene thermal spring water (avene aqua), c12-15 alkyl benzoate, methylene bis-benzotriazolyl tetramethylbutylphenol [nano], water (aqua), diisopropyl adipate, isodecyl neopentanoate, silica, butyl methoxydibenzoylmethane, potassium cetyl phosphate, decyl glucoside, 1,2-hexanediol, c10-18 triglycerides, vp\/eicosene copolymer, acrylates\/c10-30 alkyl acrylate crosspolymer, benzoic acid, butylene glycol, caprylic\/capric triglyceride, disodium edta, dicaprylyl carbonate, bis-ethylhexyloxyphenol methoxyphenyl triazine, diethylhexyl butamido triazone, aluminum starch octenylsuccinate, fragrance (parfum), glyceryl behenate, glyceryl dibehenate, glyceryl stearate, oxothiazolidine, peg-100 stearate, propylene glycol, sodium benzoate, tocopherol, tocopheryl glucoside, tribehenin, xanthan gum<br \/>\nContenance<br \/>\nFlacon \u00e0 pompe de 50ml<\/p>\n","protected":false},"excerpt":{"rendered":"<p>Ecran Solaire Av\u00e8ne Fluide SPF50+<br \/>\nLe Fluide Av\u00e8ne SPF50+ est un \u00e9cran solaire \u00e0 haute protection, convient \u00e0 la peau sensible normale \u00e0 mixte. Sa texture l\u00e9g\u00e8re, sensation peau nue, laisse une finition s\u00e8che et non brillante, imperceptible sur la peau.<br \/>\nGr\u00e2ce \u00e0 son complexe antioxydant, Av\u00e8ne Fluide assure une protection cellulaires.<br \/>\nConseils d&#8217;utilisation<br \/>\nAppliquez six doses d&#8217;Av\u00e8ne Fluide, avant toute exposition au soleil, sur le visage et le cou.<br \/>\nRenouvelez fr\u00e9quemment l&#8217;application pour maintenir la protection.<br \/>\nComposition<br \/>\nAvene thermal spring water (avene aqua), c12-15 alkyl benzoate, methylene bis-benzotriazolyl tetramethylbutylphenol [nano], water (aqua), diisopropyl adipate, isodecyl neopentanoate, silica, butyl methoxydibenzoylmethane, potassium cetyl phosphate, decyl glucoside, 1,2-hexanediol, c10-18 triglycerides, vp\/eicosene copolymer, acrylates\/c10-30 alkyl acrylate crosspolymer, benzoic acid, butylene glycol, caprylic\/capric triglyceride, disodium edta, dicaprylyl carbonate, bis-ethylhexyloxyphenol methoxyphenyl triazine, diethylhexyl butamido triazone, aluminum starch octenylsuccinate, fragrance (parfum), glyceryl behenate, glyceryl dibehenate, glyceryl stearate, oxothiazolidine, peg-100 stearate, propylene glycol, sodium benzoate, tocopherol, tocopheryl glucoside, tribehenin, xanthan gum<br \/>\nContenance<br \/>\nFlacon \u00e0 pompe de 50ml<\/p>\n","protected":false},"featured_media":11699,"comment_status":"closed","ping_status":"closed","template":"","meta":[],"pwb-brand":[277],"product_cat":[195,194],"product_tag":[],"class_list":{"0":"post-11697","1":"product","2":"type-product","3":"status-publish","4":"has-post-thumbnail","6":"pwb-brand-avene","7":"product_cat-cremes-solaires","8":"product_cat-solaire","10":"first","11":"instock","12":"purchasable","13":"product-type-simple"},"acf":[],"yoast_head":"<!-- This site is optimized with the Yoast SEO plugin v20.13 - https:\/\/yoast.com\/wordpress\/plugins\/seo\/ -->\n<title>Av\u00e8ne Fluide Protection solaire SPF50+, 50ml - Para-Dis<\/title>\n<meta name=\"robots\" content=\"index, follow, max-snippet:-1, max-image-preview:large, max-video-preview:-1\" \/>\n<link rel=\"canonical\" href=\"https:\/\/para-sanita.fidsexcellence.tn\/?product=avene-fluide-protection-solaire-spf50-50ml\" \/>\n<meta property=\"og:locale\" content=\"fr_FR\" \/>\n<meta property=\"og:type\" content=\"article\" \/>\n<meta property=\"og:title\" content=\"Av\u00e8ne Fluide Protection solaire SPF50+, 50ml - Para-Dis\" \/>\n<meta property=\"og:description\" content=\"Ecran Solaire Av\u00e8ne Fluide SPF50+ Le Fluide Av\u00e8ne SPF50+ est un \u00e9cran solaire \u00e0 haute protection, convient \u00e0 la peau sensible normale \u00e0 mixte. Sa texture l\u00e9g\u00e8re, sensation peau nue, laisse une finition s\u00e8che et non brillante, imperceptible sur la peau. Gr\u00e2ce \u00e0 son complexe antioxydant, Av\u00e8ne Fluide assure une protection cellulaires. Conseils d&#039;utilisation Appliquez six doses d&#039;Av\u00e8ne Fluide, avant toute exposition au soleil, sur le visage et le cou. Renouvelez fr\u00e9quemment l&#039;application pour maintenir la protection. Composition Avene thermal spring water (avene aqua), c12-15 alkyl benzoate, methylene bis-benzotriazolyl tetramethylbutylphenol [nano], water (aqua), diisopropyl adipate, isodecyl neopentanoate, silica, butyl methoxydibenzoylmethane, potassium cetyl phosphate, decyl glucoside, 1,2-hexanediol, c10-18 triglycerides, vp\/eicosene copolymer, acrylates\/c10-30 alkyl acrylate crosspolymer, benzoic acid, butylene glycol, caprylic\/capric triglyceride, disodium edta, dicaprylyl carbonate, bis-ethylhexyloxyphenol methoxyphenyl triazine, diethylhexyl butamido triazone, aluminum starch octenylsuccinate, fragrance (parfum), glyceryl behenate, glyceryl dibehenate, glyceryl stearate, oxothiazolidine, peg-100 stearate, propylene glycol, sodium benzoate, tocopherol, tocopheryl glucoside, tribehenin, xanthan gum Contenance Flacon \u00e0 pompe de 50ml\" \/>\n<meta property=\"og:url\" content=\"https:\/\/para-sanita.fidsexcellence.tn\/?product=avene-fluide-protection-solaire-spf50-50ml\" \/>\n<meta property=\"og:site_name\" content=\"Para-Dis\" \/>\n<meta property=\"article:modified_time\" content=\"2023-08-15T16:21:13+00:00\" \/>\n<meta property=\"og:image\" content=\"https:\/\/para-sanita.fidsexcellence.tn\/wp-content\/uploads\/2023\/08\/Happy-Hour-16.jpg\" \/>\n\t<meta property=\"og:image:width\" content=\"800\" \/>\n\t<meta property=\"og:image:height\" content=\"800\" \/>\n\t<meta property=\"og:image:type\" content=\"image\/jpeg\" \/>\n<meta name=\"twitter:card\" content=\"summary_large_image\" \/>\n<meta name=\"twitter:label1\" content=\"Dur\u00e9e de lecture estim\u00e9e\" \/>\n\t<meta name=\"twitter:data1\" content=\"1 minute\" \/>\n<script type=\"application\/ld+json\" class=\"yoast-schema-graph\">{\"@context\":\"https:\/\/schema.org\",\"@graph\":[{\"@type\":\"WebPage\",\"@id\":\"https:\/\/para-sanita.fidsexcellence.tn\/?product=avene-fluide-protection-solaire-spf50-50ml\",\"url\":\"https:\/\/para-sanita.fidsexcellence.tn\/?product=avene-fluide-protection-solaire-spf50-50ml\",\"name\":\"Av\u00e8ne Fluide Protection solaire SPF50+, 50ml - Para-Dis\",\"isPartOf\":{\"@id\":\"https:\/\/para-sanita.fidsexcellence.tn\/#website\"},\"datePublished\":\"2023-08-14T12:20:22+00:00\",\"dateModified\":\"2023-08-15T16:21:13+00:00\",\"breadcrumb\":{\"@id\":\"https:\/\/para-sanita.fidsexcellence.tn\/?product=avene-fluide-protection-solaire-spf50-50ml#breadcrumb\"},\"inLanguage\":\"fr-FR\",\"potentialAction\":[{\"@type\":\"ReadAction\",\"target\":[\"https:\/\/para-sanita.fidsexcellence.tn\/?product=avene-fluide-protection-solaire-spf50-50ml\"]}]},{\"@type\":\"BreadcrumbList\",\"@id\":\"https:\/\/para-sanita.fidsexcellence.tn\/?product=avene-fluide-protection-solaire-spf50-50ml#breadcrumb\",\"itemListElement\":[{\"@type\":\"ListItem\",\"position\":1,\"name\":\"Accueil\",\"item\":\"https:\/\/para-sanita.fidsexcellence.tn\/\"},{\"@type\":\"ListItem\",\"position\":2,\"name\":\"Shop\",\"item\":\"https:\/\/para-sanita.fidsexcellence.tn\/?page_id=3853\"},{\"@type\":\"ListItem\",\"position\":3,\"name\":\"Av\u00e8ne Fluide Protection solaire SPF50+, 50ml\"}]},{\"@type\":\"WebSite\",\"@id\":\"https:\/\/para-sanita.fidsexcellence.tn\/#website\",\"url\":\"https:\/\/para-sanita.fidsexcellence.tn\/\",\"name\":\"Para-Dis\",\"description\":\"\",\"publisher\":{\"@id\":\"https:\/\/para-sanita.fidsexcellence.tn\/#organization\"},\"potentialAction\":[{\"@type\":\"SearchAction\",\"target\":{\"@type\":\"EntryPoint\",\"urlTemplate\":\"https:\/\/para-sanita.fidsexcellence.tn\/?s={search_term_string}\"},\"query-input\":\"required name=search_term_string\"}],\"inLanguage\":\"fr-FR\"},{\"@type\":\"Organization\",\"@id\":\"https:\/\/para-sanita.fidsexcellence.tn\/#organization\",\"name\":\"Para-Dis\",\"url\":\"https:\/\/para-sanita.fidsexcellence.tn\/\",\"logo\":{\"@type\":\"ImageObject\",\"inLanguage\":\"fr-FR\",\"@id\":\"https:\/\/para-sanita.fidsexcellence.tn\/#\/schema\/logo\/image\/\",\"url\":\"https:\/\/para-sanita.fidsexcellence.tn\/wp-content\/uploads\/2025\/03\/cropped-logo-1.png\",\"contentUrl\":\"https:\/\/para-sanita.fidsexcellence.tn\/wp-content\/uploads\/2025\/03\/cropped-logo-1.png\",\"width\":502,\"height\":167,\"caption\":\"Para-Dis\"},\"image\":{\"@id\":\"https:\/\/para-sanita.fidsexcellence.tn\/#\/schema\/logo\/image\/\"}}]}<\/script>\n<!-- \/ Yoast SEO plugin. -->","yoast_head_json":{"title":"Av\u00e8ne Fluide Protection solaire SPF50+, 50ml - Para-Dis","robots":{"index":"index","follow":"follow","max-snippet":"max-snippet:-1","max-image-preview":"max-image-preview:large","max-video-preview":"max-video-preview:-1"},"canonical":"https:\/\/para-sanita.fidsexcellence.tn\/?product=avene-fluide-protection-solaire-spf50-50ml","og_locale":"fr_FR","og_type":"article","og_title":"Av\u00e8ne Fluide Protection solaire SPF50+, 50ml - Para-Dis","og_description":"Ecran Solaire Av\u00e8ne Fluide SPF50+ Le Fluide Av\u00e8ne SPF50+ est un \u00e9cran solaire \u00e0 haute protection, convient \u00e0 la peau sensible normale \u00e0 mixte. Sa texture l\u00e9g\u00e8re, sensation peau nue, laisse une finition s\u00e8che et non brillante, imperceptible sur la peau. Gr\u00e2ce \u00e0 son complexe antioxydant, Av\u00e8ne Fluide assure une protection cellulaires. Conseils d'utilisation Appliquez six doses d'Av\u00e8ne Fluide, avant toute exposition au soleil, sur le visage et le cou. Renouvelez fr\u00e9quemment l'application pour maintenir la protection. Composition Avene thermal spring water (avene aqua), c12-15 alkyl benzoate, methylene bis-benzotriazolyl tetramethylbutylphenol [nano], water (aqua), diisopropyl adipate, isodecyl neopentanoate, silica, butyl methoxydibenzoylmethane, potassium cetyl phosphate, decyl glucoside, 1,2-hexanediol, c10-18 triglycerides, vp\/eicosene copolymer, acrylates\/c10-30 alkyl acrylate crosspolymer, benzoic acid, butylene glycol, caprylic\/capric triglyceride, disodium edta, dicaprylyl carbonate, bis-ethylhexyloxyphenol methoxyphenyl triazine, diethylhexyl butamido triazone, aluminum starch octenylsuccinate, fragrance (parfum), glyceryl behenate, glyceryl dibehenate, glyceryl stearate, oxothiazolidine, peg-100 stearate, propylene glycol, sodium benzoate, tocopherol, tocopheryl glucoside, tribehenin, xanthan gum Contenance Flacon \u00e0 pompe de 50ml","og_url":"https:\/\/para-sanita.fidsexcellence.tn\/?product=avene-fluide-protection-solaire-spf50-50ml","og_site_name":"Para-Dis","article_modified_time":"2023-08-15T16:21:13+00:00","og_image":[{"width":800,"height":800,"url":"https:\/\/para-sanita.fidsexcellence.tn\/wp-content\/uploads\/2023\/08\/Happy-Hour-16.jpg","type":"image\/jpeg"}],"twitter_card":"summary_large_image","twitter_misc":{"Dur\u00e9e de lecture estim\u00e9e":"1 minute"},"schema":{"@context":"https:\/\/schema.org","@graph":[{"@type":"WebPage","@id":"https:\/\/para-sanita.fidsexcellence.tn\/?product=avene-fluide-protection-solaire-spf50-50ml","url":"https:\/\/para-sanita.fidsexcellence.tn\/?product=avene-fluide-protection-solaire-spf50-50ml","name":"Av\u00e8ne Fluide Protection solaire SPF50+, 50ml - Para-Dis","isPartOf":{"@id":"https:\/\/para-sanita.fidsexcellence.tn\/#website"},"datePublished":"2023-08-14T12:20:22+00:00","dateModified":"2023-08-15T16:21:13+00:00","breadcrumb":{"@id":"https:\/\/para-sanita.fidsexcellence.tn\/?product=avene-fluide-protection-solaire-spf50-50ml#breadcrumb"},"inLanguage":"fr-FR","potentialAction":[{"@type":"ReadAction","target":["https:\/\/para-sanita.fidsexcellence.tn\/?product=avene-fluide-protection-solaire-spf50-50ml"]}]},{"@type":"BreadcrumbList","@id":"https:\/\/para-sanita.fidsexcellence.tn\/?product=avene-fluide-protection-solaire-spf50-50ml#breadcrumb","itemListElement":[{"@type":"ListItem","position":1,"name":"Accueil","item":"https:\/\/para-sanita.fidsexcellence.tn\/"},{"@type":"ListItem","position":2,"name":"Shop","item":"https:\/\/para-sanita.fidsexcellence.tn\/?page_id=3853"},{"@type":"ListItem","position":3,"name":"Av\u00e8ne Fluide Protection solaire SPF50+, 50ml"}]},{"@type":"WebSite","@id":"https:\/\/para-sanita.fidsexcellence.tn\/#website","url":"https:\/\/para-sanita.fidsexcellence.tn\/","name":"Para-Dis","description":"","publisher":{"@id":"https:\/\/para-sanita.fidsexcellence.tn\/#organization"},"potentialAction":[{"@type":"SearchAction","target":{"@type":"EntryPoint","urlTemplate":"https:\/\/para-sanita.fidsexcellence.tn\/?s={search_term_string}"},"query-input":"required name=search_term_string"}],"inLanguage":"fr-FR"},{"@type":"Organization","@id":"https:\/\/para-sanita.fidsexcellence.tn\/#organization","name":"Para-Dis","url":"https:\/\/para-sanita.fidsexcellence.tn\/","logo":{"@type":"ImageObject","inLanguage":"fr-FR","@id":"https:\/\/para-sanita.fidsexcellence.tn\/#\/schema\/logo\/image\/","url":"https:\/\/para-sanita.fidsexcellence.tn\/wp-content\/uploads\/2025\/03\/cropped-logo-1.png","contentUrl":"https:\/\/para-sanita.fidsexcellence.tn\/wp-content\/uploads\/2025\/03\/cropped-logo-1.png","width":502,"height":167,"caption":"Para-Dis"},"image":{"@id":"https:\/\/para-sanita.fidsexcellence.tn\/#\/schema\/logo\/image\/"}}]}},"brands":[{"id":277,"name":"Avene","slug":"avene"}],"_links":{"self":[{"href":"https:\/\/para-sanita.fidsexcellence.tn\/index.php?rest_route=\/wp\/v2\/product\/11697","targetHints":{"allow":["GET"]}}],"collection":[{"href":"https:\/\/para-sanita.fidsexcellence.tn\/index.php?rest_route=\/wp\/v2\/product"}],"about":[{"href":"https:\/\/para-sanita.fidsexcellence.tn\/index.php?rest_route=\/wp\/v2\/types\/product"}],"replies":[{"embeddable":true,"href":"https:\/\/para-sanita.fidsexcellence.tn\/index.php?rest_route=%2Fwp%2Fv2%2Fcomments&post=11697"}],"version-history":[{"count":1,"href":"https:\/\/para-sanita.fidsexcellence.tn\/index.php?rest_route=\/wp\/v2\/product\/11697\/revisions"}],"predecessor-version":[{"id":11698,"href":"https:\/\/para-sanita.fidsexcellence.tn\/index.php?rest_route=\/wp\/v2\/product\/11697\/revisions\/11698"}],"wp:featuredmedia":[{"embeddable":true,"href":"https:\/\/para-sanita.fidsexcellence.tn\/index.php?rest_route=\/wp\/v2\/media\/11699"}],"wp:attachment":[{"href":"https:\/\/para-sanita.fidsexcellence.tn\/index.php?rest_route=%2Fwp%2Fv2%2Fmedia&parent=11697"}],"wp:term":[{"taxonomy":"pwb-brand","embeddable":true,"href":"https:\/\/para-sanita.fidsexcellence.tn\/index.php?rest_route=%2Fwp%2Fv2%2Fpwb-brand&post=11697"},{"taxonomy":"product_cat","embeddable":true,"href":"https:\/\/para-sanita.fidsexcellence.tn\/index.php?rest_route=%2Fwp%2Fv2%2Fproduct_cat&post=11697"},{"taxonomy":"product_tag","embeddable":true,"href":"https:\/\/para-sanita.fidsexcellence.tn\/index.php?rest_route=%2Fwp%2Fv2%2Fproduct_tag&post=11697"}],"curies":[{"name":"wp","href":"https:\/\/api.w.org\/{rel}","templated":true}]}}